f 249.
3, 83
List the prime factors of 108403.
43, 2521
List the prime factors of 2868.
2, 3, 239
List the prime factors of 2254.
2, 7, 23
List the prime factors of 233.
233
List the prime factors of 882.
2, 3, 7
What are the prime factors of 662?
2, 331
What are the prime factors of 127902?
2, 3, 21317
What are the prime factors of 974?
2, 487
What are the prime factors of 18433?
18433
List the prime factors of 381.
3, 127
What are the prime factors of 133360?
2, 5, 1667
List the prime factors of 875.
5, 7
What are the prime factors of 2999?
2999
List the prime factors of 2228.
2, 557
List the prime factors of 22626.
2, 3, 419
What are the prime factors of 34976?
2, 1093
List the prime factors of 18631.
31, 601
What are the prime factors of 602?
2, 7, 43
What are the prime factors of 4674?
2, 3, 19, 41
What are the prime factors of 24628?
2, 47, 131
What are the prime factors of 392?
2, 7
List the prime factors of 66360.
2, 3, 5, 7, 79
What are the prime factors of 73?
73
What are the prime factors of 30336?
2, 3, 79
What are the prime factors of 4271?
4271
What are the prime factors of 150490?
2, 5, 101, 149
List the prime factors of 10492.
2, 43, 61
List the prime factors of 76232.
2, 13, 733
List the prime factors of 3230.
2, 5, 17, 19
List the prime factors of 112196.
2, 7, 4007
List the prime factors of 16679.
13, 1283
What are the prime factors of 2107?
7, 43
What are the prime factors of 1575?
3, 5, 7
List the prime factors of 62277.
3, 20759
List the prime factors of 40384.
2, 631
What are the prime factors of 1099?
7, 157
What are the prime factors of 3430?
2, 5, 7
List the prime factors of 15562.
2, 31, 251
What are the prime factors of 6072?
2, 3, 11, 23
What are the prime factors of 8065?
5, 1613
What are the prime factors of 7407?
3, 823
What are the prime factors of 1139?
17, 67
List the prime factors of 183306.
2, 3, 137, 223
What are the prime factors of 76558?
2, 101, 379
What are the prime factors of 11062?
2, 5531
List the prime factors of 11115.
3, 5, 13, 19
What are the prime factors of 561?
3, 11, 17
What are the prime factors of 8518?
2, 4259
List the prime factors of 580.
2, 5, 29
What are the prime factors of 2728?
2, 11, 31
List the prime factors of 39578.
2, 7, 11, 257
List the prime factors of 2145.
3, 5, 11, 13
List the prime factors of 2638.
2, 1319
What are the prime factors of 14235?
3, 5, 13, 73
What are the prime factors of 51915?
3, 5, 3461
What are the prime factors of 8496?
2, 3, 59
What are the prime factors of 841?
29
List the prime factors of 122221.
11, 41, 271
What are the prime factors of 11112?
2, 3, 463
List the prime factors of 480.
2, 3, 5
List the prime factors of 231.
3, 7, 11
List the prime factors of 3167.
3167
What are the prime factors of 760?
2, 5, 19
List the prime factors of 5136.
2, 3, 107
What are the prime factors of 2103?
3, 701
List the prime factors of 2263.
31, 73
List the prime factors of 483.
3, 7, 23
What are the prime factors of 43329?
3, 11, 13, 101
What are the prime factors of 5231?
5231
What are the prime factors of 11031?
3, 3677
List the prime factors of 27412.
2, 7, 11, 89
List the prime factors of 494.
2, 13, 19
List the prime factors of 11592.
2, 3, 7, 23
List the prime factors of 11357.
41, 277
List the prime factors of 11549.
11549
What are the prime factors of 116745?
3, 5, 43, 181
List the prime factors of 17386.
2, 8693
What are the prime factors of 41011?
41011
List the prime factors of 5580.
2, 3, 5, 31
What are the prime factors of 10052?
2, 7, 359
List the prime factors of 67259.
103, 653
List the prime factors of 242.
2, 11
What are the prime factors of 1785?
3, 5, 7, 17
List the prime factors of 4898.
2, 31, 79
What are the prime factors of 475?
5, 19
List the prime factors of 1753.
1753
What are the prime factors of 1484?
2, 7, 53
List the prime factors of 70.
2, 5, 7
List the prime factors of 3359.
3359
List the prime factors of 2711.
2711
What are the prime factors of 3575?
5, 11, 13
What are the prime factors of 71663?
71663
What are the prime factors of 15242?
2, 7621
List the prime factors of 50314.
2, 11, 2287
What are the prime factors of 4827?
3, 1609
List the prime factors of 635.
5, 127
What are the prime factors of 359?
359
List the prime factors of 111.
3, 37
List the prime factors of 33451.
11, 3041
What are the prime factors of 5285?
5, 7, 151
List the prime factors of 2944.
2, 23
What are the prime factors of 1431?
3, 53
List the prime factors of 402.
2, 3, 67
List the prime factors of 56688.
2, 3, 1181
What are the prime factors of 3309?
3, 1103
List the prime factors of 2030.
2, 5, 7, 29
What are the prime factors of 1107?
3, 41
What are the prime factors of 226?
2, 113
What are the prime factors of 1076?
2, 269
What are the prime factors of 3389?
3389
What are the prime factors of 180?
2, 3, 5
What are the prime factors of 7137?
3, 13, 61
What are the prime factors of 61481?
7, 8783
What are the prime factors of 41656?
2, 41, 127
What are the prime factors of 1216?
2, 19
List the prime factors of 145270.
2, 5, 73, 199
What are the prime factors of 653?
653
What are the prime factors of 31394?
2, 11, 1427
What are the prime factors of 4891?
67, 73
List the prime factors of 28781.
17, 1693
List the prime factors of 926.
2, 463
What are the prime factors of 324?
2, 3
What are the prime factors of 21375?
3, 5, 19
List the prime factors of 14266.
2, 7, 1019
What are the prime factors of 20936?
2, 2617
What are the prime factors of 403?
13, 31
What are the prime factors of 6773?
13, 521
What are the prime factors of 255?
3, 5, 17
What are the prime factors of 1264?
2, 79
What are the prime factors of 613?
613
List the prime factors of 704.
2, 11
List the prime factors of 20230.
2, 5, 7, 17
What are the prime factors of 2014?
2, 19, 53
What are the prime factors of 3605?
5, 7, 103
What are the prime factors of 10445?
5, 2089
List the prime factors of 110.
2, 5, 11
List the prime factors of 20330.
2, 5, 19, 107
What are the prime factors of 105?
3, 5, 7
List the prime factors of 45333.
3, 23, 73
List the prime factors of 8754.
2, 3, 1459
List the prime factors of 8058.
2, 3, 17, 79
List the prime factors of 19921.
11, 1811
List the prime factors of 52664.
2, 29, 227
List the prime factors of 3047.
11, 277
List the prime factors of 3387.
3, 1129
What are the prime factors of 887?
887
What are the prime factors of 4244?
2, 1061
What are the prime factors of 950?
2, 5, 19
List the prime factors of 1248.
2, 3, 13
List the prime factors of 7988.
2, 1997
List the prime factors of 22002.
2, 3, 19, 193
List the prime factors of 102.
2, 3, 17
List the prime factors of 15013.
15013
What are the prime factors of 1523?
1523
What are the prime factors of 3624?
2, 3, 151
What are the prime factors of 2101?
11, 191
List the prime factors of 2147.
19, 113
List the prime factors of 688.
2, 43
List the prime factors of 12057.
3, 4019
List the prime factors of 11350.
2, 5, 227
List the prime factors of 17283.
3, 7, 823
What are the prime factors of 86117?
86117
What are the prime factors of 4803?
3, 1601
What are the prime factors of 9151?
9151
What are the prime factors of 5035?
5, 19, 53
List the prime factors of 13086.
2, 3, 727
What are the prime factors of 3539?
3539
List the prime factors of 11175.
3, 5, 149
What are the prime factors of 42188?
2, 53, 199
List the prime factors of 3667.
19, 193
What are the prime factors of 65288?
2, 8161
List the prime factors of 1621.
1621
List the prime factors of 2034.
2, 3, 113
List the prime factors of 53755.
5, 13, 827
What are the prime factors of 4704?
2, 3, 7
List the prime factors of 822.
2, 3, 137
What are the prime factors of 51953?
11, 4723
What are the prime factors of 219?
3, 73
List the prime factors of 3037.
3037
List the prime factors of 6415.
5, 1283
What are the prime factors of 324?
2, 3
What are the prime factors of 3151?
23, 137
List the prime factors of 5321.
17, 313
List the prime factors of 615.
3, 5, 41
List the prime factors of 2959.
11, 269
List the prime factors of 6982.
2, 3491
List the prime factors of 86294.
2, 13, 3319
List the prime factors of 1849.
43
List the prime factors of 556.
2, 139
What are the prime factors of 16490?
2, 5, 17, 97
List the prime factors of 188.
2, 47
What are t